9 = -w*g, -5*g + 7 + 8 = -2*a. Suppose 2*n - g = 27. List the prime factors of n.
2, 7
Let d(j) = j**3 + 18*j**2 + 3*j + 4. Let f be d(-17). Suppose -2*b + f = 4*z, -5*b + 10*b = -4*z + 581. List the prime factors of b.
113
Suppose -1096 = 98*i - 100*i. What are the prime factors of i?
2, 137
Suppose -3842 = -3*n + 2572. List the prime factors of n.
2, 1069
Suppose 466 = x + x. Suppose 3*j = -5*c + x, j - 206 - 25 = -5*c. What are the prime factors of c?
2, 23
Suppose -3*m = -0*k - 2*k + 2201, 0 = 2*k + 5*m - 2225. List the prime factors of k.
5, 13, 17
Suppose -103*g = -110*g + 14413. What are the prime factors of g?
29, 71
Suppose 0 = 2*q - 4*g - 676, 5*q + 24*g - 25*g = 1645. What are the prime factors of q?
2, 41
Suppose -9*g + 10*g = 0. Suppose g = 2*b + 8*b - 110. List the prime factors of b.
11
Suppose -10*s + 35 = -3*s. Suppose 0*b - 465 = -s*u - 2*b, 3*b + 110 = u. What are the prime factors of u?
5, 19
Let g be (-3)/(-9)*(1 + -7). Let m be 0 - 8*(-3 - g). Let f = m - 6. What are the prime factors of f?
2
Suppose 45 = -4*u + 9*u. Suppose 3*i - 300 = -u. List the prime factors of i.
97
Suppose 0*h - 5*h - 3*l = -380, -5*h + 380 = -l. Let c = h + -71. What are the prime factors of c?
5
Suppose k - 3*i = 2*k - 266, 518 = 2*k - i. What are the prime factors of k?
2, 5, 13
Suppose 58*h - 9776 = 42*h. What are the prime factors of h?
13, 47
Suppose 4*b = 5*v + 240, 2*b = b + v + 60. Suppose j = 2*o - 33, -3*j + 2*o - b = -j. What are the prime factors of (6/7)/(j/(-126))?
2
Suppose 3*d + 4*q = 2653, 2*q + 356 = d - 535. Suppose -4*i - 3*b = -d, 5*b - 2*b = -3*i + 663. List the prime factors of i.
2, 7
Let i be ((-6)/1)/(-1 - -3). List the prime factors of 18*(-2 - 16/i).
2, 3, 5
Let m(j) = 8 + 5*j - 4*j**2 - 12 + 0*j**3 + 0*j + 2*j**3. Suppose g + t = 8, -6*g - t = -g - 20. What are the prime factors of m(g)?
29
Let p(k) = 28*k**2 + 17*k + 22. What are the prime factors of p(-9)?
2137
Suppose -5*k = -2*s - 3588 - 96, 2*s = -2*k + 1468. What are the prime factors of k?
2, 23
Suppose -4*p + 114 = -70. Suppose o = -o + p. What are the prime factors of o?
23
Let g(h) = h**3 + 17*h**2 - 17*h + 26. Let o be g(-17). Let v = 580 - o. List the prime factors of v.
5, 53
Let c = -299 - -539. List the prime factors of c.
2, 3, 5
Let i = -22 - -37. Suppose 2*z - 18 - 1 = 5*g, 3*g = 3*z - i. What are the prime factors of z*1*34/4?
17
Let u(h) = 14 - 27 + 13 - h**2 - 5*h. Let y(r) = -r - 4. Let p be y(0). What are the prime factors of u(p)?
2
What are the prime factors of 439900/350 + ((-2)/2)/(-7)?
3, 419
Let w be -4 + (-4)/12*-9. List the prime factors of w/((-1)/116) - (-2 - -1).
3, 13
Let i be (1 - -2)/(12/(-80)). List the prime factors of i/(-30) - 570/(-9).
2
Suppose 0 = 2*h - h - 18. Let g = -14 + h. List the prime factors of 8 - g/16*4.
7
Suppose -3*l = a - 68, l - 4*a - 12 = a. What are the prime factors of (-4)/l - (-5596)/44?
127
List the prime factors of (-3)/2*(-1 - (-31402)/(-42)).
1123
Suppose c + 0*c = 2. Suppose c*q - 105 = 3*l, -2*l = 5*q - 3*l - 230. List the prime factors of q.
3, 5
Let b(i) = -93*i + 1. Let l be b(-1). Let j = 155 - l. List the prime factors of j.
61
What are the prime factors of ((-12)/(-5))/(-3)*(-3930)/3?
2, 131
Let n be ((-16)/(-4) - 0) + 0 - -8. Let h = 122 - n. List the prime factors of h.
2, 5, 11
Let l be 409 - 9/3*-1. Suppose -4*n = -3*a + l, 4*a - 188 = 3*n + 359. List the prime factors of a.
2, 17
Suppose -12*c + 9*c = -48. Suppose g + 32 = 5*g - 4*m, -g = 5*m + c. Suppose 0*v - 104 = -g*v. What are the prime factors of v?
2, 13
Let h(a) = -14*a - 26. What are the prime factors of h(-7)?
2, 3
Suppose 38*i = 527 + 3007. List the prime factors of i.
3, 31
Let t(v) = -131*v + 7. Let m(c) = 264*c - 15. Let j(p) = 4*m(p) + 7*t(p). What are the prime factors of j(2)?
3, 89
Let q = -518 + 1103. What are the prime factors of q?
3, 5, 13
Suppose -816*b = -806*b - 4400. What are the prime factors of b?
2, 5, 11
Let g(y) = y**2 - 3*y - 20. Let w be g(-5). Let n = w + 167. List the prime factors of n.
11, 17
Let o = -5 + 13. Suppose 8 = -6*z + o*z. Suppose -2*g = -z*g + 36. What are the prime factors of g?
2, 3
Suppose 0 = -3*q - 4*t + 21, 2*q + 3*t + t - 18 = 0. Suppose 5*f + 2*y = 655, -y - 393 = -q*f + 2*y. List the prime factors of f.
131
Let b = 17 + -15. Suppose b*r + 3*d = r - 7, d - 35 = 5*r. Let m(c) = c**2 + 7*c + 6. What are the prime factors of m(r)?
2, 3
Suppose -2*b = 2*b + 12, 0 = -3*n - 2*b + 360. Suppose -o + 125 = -n. List the prime factors of o.
13, 19
Let c be (-410)/(-8) + (-3)/12. Suppose 0 = 6*k - k - 360. Let q = k - c. What are the prime factors of q?
3, 7
What are the prime factors of ((-11)/(-33))/((-2)/(-576))?
2, 3
Let s = -41 - -16. Suppose y - 8 = -y. What are the prime factors of (y/10)/((-1)/s)?
2, 5
Suppose 2*f + 3*o = 4, -5*f + 4*o + 37 = -19. Let i(h) = h**3 - 4*h**2 + 2*h + 3. List the prime factors of i(f).
5, 11
Let c = 11 + -6. Suppose 2*n = 4*i + 82, c*n + 3*i = 5*i + 237. Suppose 3*t + n = 6*t - 4*p, -3*t = -p - 37. List the prime factors of t.
11
Suppose 6 + 1 = -p + 2*l, 5*l = -5*p + 40. List the prime factors of 31*p*(-20)/(-15).
2, 31
Suppose -2*m = 3*r - 1471, 0 = -4*m - 4 + 12. What are the prime factors of r?
3, 163
Let h(j) = 1 - j**2 - 38*j + 38*j. Let s be h(-1). Suppose 3*u - 42 - 42 = s. List the prime factors of u.
2, 7
What are the prime factors of ((-253)/2)/((-11)/22)?
11, 23
Let c(r) = r**3 + 7*r**2 + 3*r + 4. Let i be c(-7). What are the prime factors of (i*(6 - 2))/(-1)?
2, 17
Let q = -383 + 1445. List the prime factors of q.
2, 3, 59
Let l = -786 - -1276. What are the prime factors of l?
2, 5, 7
Let c = 238 + 112. What are the prime factors of c?
2, 5, 7
Suppose -5*l + 2*l + 102 = 0. What are the prime factors of l - ((4 - 3) + 3)?
2, 3, 5
Suppose -6180 = -3*o - 2*s - 0*s, 10300 = 5*o + s. What are the prime factors of o?
2, 5, 103
Let a = -620 - -2171. What are the prime factors of a?
3, 11, 47
Let r = 14 + -12. What are the prime factors of r/(-10) - (-6408)/40?
2, 5
Suppose -2*d + 7*d = -60. What are the prime factors of 32/d*(483/(-4) - 0)?
2, 7, 23
Let k(y) = y**2 + 39*y - 481. What are the prime factors of k(10)?
3
Let y(d) = -2*d - d + 9 + 0*d + 3. Let x(j) = 1. Let a(l) = 18*x(l) - 2*y(l). List the prime factors of a(5).
2, 3
Let n = 980 + -536. Let c = n + -283. What are the prime factors of c?
7, 23
Suppose -18*f + 25052 + 15268 = 0. What are the prime factors of f?
2, 5, 7
Let d = -4 + 4. Let y(h) = 0 + d - 11*h + 1 + 1. List the prime factors of y(-2).
2, 3
Suppose -2*w + 2 = -w. Let r be (-20)/(-70) + w/(-7). Suppose r = -3*u - 0*u - 5*m + 191, -2*u + 126 = 3*m. List the prime factors of u.
3, 19
Let v(p) be the second derivative of 2*p**3/3 - 25*p**2/2 + 2*p. Let z be v(14). Suppose 4*u - 117 = 2*k - 7*k, 3*k - z = -u. What are the prime factors of u?
2, 7
Suppose -7180 + 369 = -7*z. List the prime factors of z.
7, 139
What are the prime factors of (((-17)/(-4))/17)/((-4)/(-2416))?
151
Suppose 4*j + k = -0*k - 359, -4*j - 374 = -2*k. Let v = -27 - j. List the prime factors of v.
2
Let s = 3 + -3. Suppose 5*w + 4 - 19 = s. Suppose -6*r + 36 = -w*r. What are the prime factors of r?
2, 3
Suppose 4*m + 4*q = 396, -5*q = m + 49 - 164. Suppose o - 18 = -o. Suppose m + o = 4*k. What are the prime factors of k?
2, 13
Let r be -6*6/(-4) + -3. Suppose -j = -0*j - r. Let z = 17 - j. What are the prime factors of z?
11
Let h(n) = -2*n**3 + 63 + 9*n**2 - 10*n**2 + n**3. What are the prime factors of h(0)?
3, 7
Let a = -6 + 16. Let y = a + -10. Suppose y = 3*l + l - 8. List the prime factors of l.
2
Let r(c) = -c**3 + 53 - 207*c**2 + 6*c + 185*c**2 - 5*c. List the prime factors of r(-22).
31
Suppose 0 = 5*m - 4*i - 739 - 2667, 2 = 2*i. List the prime factors of m.
2, 11, 31
Suppose -4*y + 20 = 4*z - 0*y, 6 = 2*y. Suppose k = z*k - 170. List the prime factors of k.
2, 5, 17
Let n(p) = -6*p**2 - 2*p. Let u be n(-3). What are the prime factors of (-2 - u) + -3 + 1?
2, 11
Let k be (2/(-6))/((1 + 0)/(-114)). Let h be 3/6 - 14/(-4). Suppose -h*s = a + k - 161, 0 = 5*s + 4*a - 151. List the prime factors of s.
31
Let o be (-10 + (-2)/2)/(-1). Suppose 3*n + o = -5*p, -3*p = 3*n + 2 + 1. Suppose n*s = 7*s - 128. What are the prime factors of s?
2
Let h(m) be the